
Let l = 343 - 150. What is the remainder when l is divided by 15?
13
Let u = 19 - 28. Calculate the remainder when ((-198)/4)/(u/12) is divided by 18.
12
Let u = -461 - -463. Suppose -2 = 2*g - 14. Suppose -3*f + 4 + 2 = 4*i, 3*f = 5*i + g. What is the remainder when f is divided by u?
0
Suppose -w + z = -76, 149 = 2*w - 5*z - 15. Let p = w - 40. Calculate the remainder when 63 is divided by p.
31
Let u(j) = j**3 + 15*j**2 + 11*j - 15. Let v be ((-4)/(-3))/(12/(-126)). Let l(h) = -h**2 - 9*h + 1. What is the remainder when u(v) is divided by l(-7)?
12
Suppose -5*m - 2*b + 135 = 0, 3*b = -0*b. Calculate the remainder when m is divided by 15.
12
Let k = 8 + -5. Suppose -k = -l + 7. Suppose -74 = -5*u + 66. Calculate the remainder when u is divided by l.
8
Let t be (-2)/2 + 55 - -1. Suppose -2*m - 224 = -7*m + 2*x, 3*x - t = -m. Calculate the remainder when m is divided by 16.
14
Suppose 0 = 2*m - 5*c - 11, 2*c = c + 5. Let x = -3 - -3. Suppose 40 = -x*q + 4*q. What is the remainder when m is divided by q?
8
What is the remainder when 53 is divided by (-6)/72*-333 + (-2)/(-8)?
25
Let s = -275 + 281. What is the remainder when 100 is divided by s?
4
Suppose -4*y = -12, -t - 2*y = t - 26. Suppose -f = -6*f + t. Suppose -f*x - x + 15 = 0. Calculate the remainder when 18 is divided by x.
3
Let d = -15 + 3. Let i(u) = -2*u**3 - 5*u - 12. Let k be i(-6). What is the remainder when (4/(-6))/(d/k) is divided by 14?
11
Let t(z) = -77*z - 233. What is the remainder when t(-10) is divided by 261?
15
Suppose -5*l = -0*l - o - 32, 4*l - 43 = -5*o. Let t = -2226 + 2239. Calculate the remainder when t is divided by l.
6
Let l(h) = h**3 + 3*h**2 - 6*h - 5. Let x be l(-4). Suppose -3*s + 2*a = s - 18, -x*s + 9 = -3*a. What is the remainder when s is divided by (-16)/6*15/(-10)?
2
Let s be ((-3)/(-30))/(4/(-32))*50. Let i = s - -79. What is the remainder when i is divided by 21?
18
Suppose -d + 1261 = 4*k, -5*k + 9*k = 4*d + 1276. What is the remainder when k is divided by 80?
76
Let d(y) = -2*y**2 - 7*y + 4. Let w be d(-6). Let q = w + 36. Suppose q - 70 = -5*s. Calculate the remainder when s is divided by 5.
2
Suppose -4*a = 161 + 15. Let r be (-1 + a/8)*2. Let p(x) = -x**2 - 20*x - 7. What is the remainder when p(r) is divided by 29?
26
Let j(l) = -l**3 + 10*l**2 + 8*l + 20. Calculate the remainder when j(7) is divided by 5.
3
Let f(m) = 8*m**2 - 26*m + 3. What is the remainder when f(-8) is divided by 22?
19
Let v(y) = 29*y + 46. Let a be (-1)/(2 - (-18)/(-8)). Suppose -3*m - 3*q + 87 = 0, -2*q + 68 + 56 = a*m. What is the remainder when m is divided by v(-1)?
16
What is the remainder when -2 + 0 + (6 - -18) is divided by 11?
0
Let d = 27 + -21. Let k = 10 - d. Suppose -2*n - 50 = -6*n + 2*x, 0 = -k*n - 5*x + 71. What is the remainder when n is divided by 4?
2
Let j = -398 - -421. Calculate the remainder when 365 is divided by j.
20
Let b = 171 + -2. Suppose f + 65 = u + 7, -3*u - 2*f + b = 0. Calculate the remainder when u is divided by 15.
12
Let f be (-10)/(-8)*-2*2. Let g(w) = w**2 - 19*w + 19. What is the remainder when 2/1 - (f + 6) is divided by g(18)?
0
Let s = 5 - 0. Suppose 6 = -3*k + 6*k, y + 4*k - 15 = 0. Suppose -y*r + s*r + 76 = 0. Calculate the remainder when r is divided by 10.
8
Suppose -2*z + z + 5 = 0. Calculate the remainder when 30 is divided by z/35 - (-132)/7.
11
Let b(p) = -3*p + 5. Let s(h) = -5*h + 11. Let q(y) = -11*b(y) + 6*s(y). Suppose -85 = -5*f - 10. What is the remainder when q(11) is divided by f?
14
Let b(x) = -2*x**2 + 37*x - 11. What is the remainder when b(6) is divided by 31?
15
Suppose -3*j + 5*n + 582 = 0, -3*j + 2*n - 561 = -6*j. What is the remainder when j is divided by 14?
7
Suppose -9*l + 259 = -2*l. Let v = l + -30. What is the remainder when 39 is divided by v?
4
Suppose 51 = -13*d + 571. What is the remainder when 512 is divided by d?
32
Suppose -91*j = -2*x - 96*j + 145, 2*j + 138 = 2*x. What is the remainder when x is divided by 55?
15
Let n(a) = a**2 - 12*a + 22. Calculate the remainder when 482 is divided by n(12).
20
Suppose -3*z = -1 - 14. Let g be (3 - (-1 - -2)) + z. Let v = g + -5. Calculate the remainder when 8 is divided by v.
0
Let f be (-1303)/(-6) + (-7)/42. Suppose 3*v = 2*k - 148, v + f = 4*k - 59. Calculate the remainder when k is divided by 24.
20
Suppose -700 = -5*s - 5*z, 544 = -s + 5*s - 4*z. Let d = -6574 - -6602. What is the remainder when s is divided by d?
26
Suppose -99 = 5*g - 259. Suppose z + 2*z = 0. Calculate the remainder when g is divided by (z + (-1)/(-1))*17.
15
Suppose 4*s = 22 - 118. Let m be 1/(-1) + -57 + 1. Let u = s - m. What is the remainder when u is divided by 12?
9
Suppose 3*q - 14 = -4*i - 0*i, -3*q - i = -26. Suppose 4*t - 66 = -2*d, 5*d + 6*t = 8*t + 189. Calculate the remainder when d is divided by q.
7
Let y be (-31)/(-3) - (-3)/(-9). Let i be ((-12)/y)/(22/(-55)). Calculate the remainder when (-615)/(-18) + i/(-18) is divided by 12.
10
Suppose 4*f - 12 = 0, 5*x + 58 = f + 400. What is the remainder when x is divided by (4 - 1)*(63 + -57)?
15
Let p = -3 + 0. Let i(u) = -u**3 - u - 2. What is the remainder when 83 is divided by i(p)?
27
What is the remainder when 78 is divided by 37 + -18 + 0 + 2/(-2)?
6
Let j be ((-6)/5)/((-30)/800). Suppose u = -0*h + h + j, 4*u - 5*h - 132 = 0. What is the remainder when u is divided by 6?
4
Suppose w - 2*o - 31 = 0, 7*w + o + 110 = 12*w. Calculate the remainder when 49 is divided by w.
7
Let h be 1 - 5/(-5)*1. Suppose -3*g = 3*l - 78, 2*l = h*g + g + 67. Calculate the remainder when l is divided by 17.
12
Suppose -11*j - 5*j + 5072 = 0. Calculate the remainder when j is divided by 64.
61
Let o be 5*((-15)/(-5) - (-2 - -2)). Suppose 17*w - o*w - 28 = 0. Calculate the remainder when w is divided by 6.
2
Let k(g) = g**3 + 3*g**2 - 5*g + 3. Let f be k(-4). Calculate the remainder when f/(14/24) - -2 is divided by 9.
5
Let d be (3 + (-8)/(-6))*3. Let l = 82 - d. Calculate the remainder when l is divided by 18.
15
Suppose -11*a = -8 - 36. What is the remainder when 79 is divided by a?
3
Suppose -5*q = h, 3*q - 29 - 7 = -3*h. Suppose 0 = -7*z + 3*z. Suppose z = -3*n + 99 + 30. What is the remainder when n is divided by h?
13
Let o = 20 - 0. Suppose 0 = z - 3 - o. Suppose -4*h + a = -44, -h - 8 = -2*h + a. Calculate the remainder when z is divided by h.
11
Suppose -4*a + z = -58, -3*a = 3*z + 15 - 51. Let l = 70 - 2. Calculate the remainder when l is divided by a.
12
Let t(z) = -15 + z**2 - 4 + 429*z - 433*z. Calculate the remainder when t(9) is divided by 14.
12
Suppose -2*o = 3 - 17. Suppose 2*l + 295 = o*l. Calculate the remainder when l is divided by 20.
19
Suppose -2*f = -6 - 4. Let g = 5416 - 5377. What is the remainder when g is divided by f?
4
Let x(b) = b**2 - 31*b + 102. Calculate the remainder when x(3) is divided by 17.
1
Suppose -i - x = -0*x + 6, -8 = 3*i + x. Let z(u) = -15*u**3 + u**2 + 2*u + 1. Let y be z(i). Let h = y - 12. What is the remainder when 3 is divided by h?
0
Let l(u) = 3*u + 13. Let a be l(-6). Let y be (-3 - a)*(-76)/(-4). Let z = -30 + y. What is the remainder when 22 is divided by z?
6
Let u = 57 - -45. Calculate the remainder when u is divided by 27.
21
Let x be 3 + 4/(12/(-3)). Suppose 2*w + x*w + 3*a - 59 = 0, 2*a + 23 = w. Calculate the remainder when w is divided by 4.
1
Let y = 219 + -117. Suppose -y = -2*g - 26. Let b = g - 21. What is the remainder when b is divided by 5?
2
Suppose 0 = -3*h + 8*h - 20. What is the remainder when 1/h + 2337/76 is divided by 8?
7
Let d(k) = -k**3 + 8*k**2 - 13*k + 0*k**3 + 1 + 2*k**3. Let g be d(-9). Suppose -2*h + h + g = 0. What is the remainder when h is divided by 13?
11
Suppose -145 = -4*f - 57. Suppose 0 = -4*k + 3*r + 412, -5*r = -2*r. What is the remainder when k is divided by f?
15
Suppose 7*d - 3*d - w - 53 = 0, -3*d = -4*w - 56. Let v(k) = k**3 - 3*k + 3. Let u be (-2)/((-50)/(-15) - 4). What is the remainder when v(u) is divided by d?
9
Let x be ((-80)/48)/((-2)/348). Suppose 3*c + x = -2*c. What is the remainder when 115 is divided by (c/(-8))/(3/12)?
28
Let m be ((-6)/15)/(1/(-5)). Suppose 4*c - h + 0*h = 171, m*c - 4*h - 96 = 0. Let p = c - 25. What is the remainder when p is divided by 9?
8
Let p = -1249 + 1319. Calculate the remainder when 